{"id":389,"date":"2026-02-12T14:53:05","date_gmt":"2026-02-12T13:53:05","guid":{"rendered":"https:\/\/inter-kas.pl\/saio\/?page_id=389"},"modified":"2026-02-18T09:54:33","modified_gmt":"2026-02-18T08:54:33","slug":"produkty","status":"publish","type":"page","link":"https:\/\/inter-kas.pl\/saio\/produkty\/","title":{"rendered":"Produkty"},"content":{"rendered":"\t\t<div data-elementor-type=\"wp-page\" data-elementor-id=\"389\" class=\"elementor elementor-389\" data-elementor-post-type=\"page\">\n\t\t\t\t<div class=\"elementor-element elementor-element-f31b960 e-flex e-con-boxed e-con e-parent\" data-id=\"f31b960\" data-element_type=\"container\" data-e-type=\"container\">\n\t\t\t\t\t<div class=\"e-con-inner\">\n\t\t<div class=\"elementor-element elementor-element-e5860fa e-con-full e-flex e-con e-child\" data-id=\"e5860fa\" data-element_type=\"container\" data-e-type=\"container\">\n\t\t\t\t<div class=\"elementor-element elementor-element-fc5b2c0 elementor-widget elementor-widget-heading\" data-id=\"fc5b2c0\" data-element_type=\"widget\" data-e-type=\"widget\" data-widget_type=\"heading.default\">\n\t\t\t\t<div class=\"elementor-widget-container\">\n\t\t\t\t\t<h3 class=\"elementor-heading-title elementor-size-default\">Kompletne systemy sprzeda\u017cowe All-in-One<\/h3>\t\t\t\t<\/div>\n\t\t\t\t<\/div>\n\t\t\t\t<div class=\"elementor-element elementor-element-9ecc36e elementor-widget elementor-widget-heading\" data-id=\"9ecc36e\" data-element_type=\"widget\" data-e-type=\"widget\" data-widget_type=\"heading.default\">\n\t\t\t\t<div class=\"elementor-widget-container\">\n\t\t\t\t\t<h1 class=\"elementor-heading-title elementor-size-default\">Produkty SAIO<\/h1>\t\t\t\t<\/div>\n\t\t\t\t<\/div>\n\t\t\t\t<div class=\"elementor-element elementor-element-e912c18 elementor-widget elementor-widget-text-editor\" data-id=\"e912c18\" data-element_type=\"widget\" data-e-type=\"widget\" data-widget_type=\"text-editor.default\">\n\t\t\t\t<div class=\"elementor-widget-container\">\n\t\t\t\t\t\t\t\t\t<p class=\"\" data-start=\"283\" data-end=\"490\">Poznaj lini\u0119 nowoczesnych urz\u0105dze\u0144 All-in-One, kt\u00f3re integruj\u0105 drukark\u0119 fiskaln\u0105, terminal p\u0142atniczy i system POS w jednym, kompaktowym rozwi\u0105zaniu. Wybierz model dopasowany do specyfiki Twojego biznesu i korzystaj z zaawansowanych funkcji w ramach prostego abonamentu.<\/p>\t\t\t\t\t\t\t\t<\/div>\n\t\t\t\t<\/div>\n\t\t\t\t<\/div>\n\t\t<div class=\"elementor-element elementor-element-838cb08 e-con-full e-flex e-con e-child\" data-id=\"838cb08\" data-element_type=\"container\" data-e-type=\"container\">\n\t\t\t\t<div class=\"elementor-element elementor-element-fcacad3 elementor-widget elementor-widget-image\" data-id=\"fcacad3\" data-element_type=\"widget\" data-e-type=\"widget\" data-widget_type=\"image.default\">\n\t\t\t\t<div class=\"elementor-widget-container\">\n\t\t\t\t\t\t\t\t\t\t\t\t\t\t\t<img fetchpriority=\"high\" decoding=\"async\" width=\"768\" height=\"672\" src=\"https:\/\/inter-kas.pl\/saio\/wp-content\/uploads\/2026\/02\/vero-768x672.png\" class=\"attachment-medium_large size-medium_large wp-image-429\" alt=\"Vero\" srcset=\"https:\/\/inter-kas.pl\/saio\/wp-content\/uploads\/2026\/02\/vero-768x672.png 768w, https:\/\/inter-kas.pl\/saio\/wp-content\/uploads\/2026\/02\/vero-300x263.png 300w, https:\/\/inter-kas.pl\/saio\/wp-content\/uploads\/2026\/02\/vero-1024x896.png 1024w, https:\/\/inter-kas.pl\/saio\/wp-content\/uploads\/2026\/02\/vero-1536x1344.png 1536w, https:\/\/inter-kas.pl\/saio\/wp-content\/uploads\/2026\/02\/vero-2048x1792.png 2048w\" sizes=\"(max-width: 768px) 100vw, 768px\" title=\"\">\t\t\t\t\t\t\t\t\t\t\t\t\t\t\t<\/div>\n\t\t\t\t<\/div>\n\t\t\t\t<\/div>\n\t\t\t\t\t<\/div>\n\t\t\t\t<\/div>\n\t\t<div class=\"elementor-element elementor-element-3e4a9fe e-flex e-con-boxed e-con e-parent\" data-id=\"3e4a9fe\" data-element_type=\"container\" data-e-type=\"container\">\n\t\t\t\t\t<div class=\"e-con-inner\">\n\t\t<div class=\"elementor-element elementor-element-066131a e-con-full e-flex e-con e-child\" data-id=\"066131a\" data-element_type=\"container\" data-e-type=\"container\">\n\t\t\t\t<div class=\"elementor-element elementor-element-b0b2245 elementor-position-top elementor-widget elementor-widget-image-box\" data-id=\"b0b2245\" data-element_type=\"widget\" data-e-type=\"widget\" data-widget_type=\"image-box.default\">\n\t\t\t\t<div class=\"elementor-widget-container\">\n\t\t\t\t\t<div class=\"elementor-image-box-wrapper\"><figure class=\"elementor-image-box-img\"><a href=\"https:\/\/inter-kas.pl\/saio\/produkty\/posnet-evo\/\" tabindex=\"-1\"><img decoding=\"async\" width=\"2560\" height=\"2240\" src=\"https:\/\/inter-kas.pl\/saio\/wp-content\/uploads\/2026\/02\/EVO-2-1.png\" class=\"attachment-full size-full wp-image-427\" alt=\"Evo 2\" title=\"\" srcset=\"https:\/\/inter-kas.pl\/saio\/wp-content\/uploads\/2026\/02\/EVO-2-1.png 2560w, https:\/\/inter-kas.pl\/saio\/wp-content\/uploads\/2026\/02\/EVO-2-1-300x263.png 300w, https:\/\/inter-kas.pl\/saio\/wp-content\/uploads\/2026\/02\/EVO-2-1-1024x896.png 1024w, https:\/\/inter-kas.pl\/saio\/wp-content\/uploads\/2026\/02\/EVO-2-1-768x672.png 768w, https:\/\/inter-kas.pl\/saio\/wp-content\/uploads\/2026\/02\/EVO-2-1-1536x1344.png 1536w, https:\/\/inter-kas.pl\/saio\/wp-content\/uploads\/2026\/02\/EVO-2-1-2048x1792.png 2048w\" sizes=\"(max-width: 2560px) 100vw, 2560px\" \/><\/a><\/figure><div class=\"elementor-image-box-content\"><h3 class=\"elementor-image-box-title\"><a href=\"https:\/\/inter-kas.pl\/saio\/produkty\/posnet-evo\/\">Posnet EVO<\/a><\/h3><p class=\"elementor-image-box-description\">Wygodny i mobilny system POS stworzony z my\u015bl\u0105 o potrzebach ma\u0142ych oraz \u015brednich przedsi\u0119biorc\u00f3w. Oferuje prost\u0105 aplikacj\u0119 sprzeda\u017cow\u0105 i atrakcyjny model wynajmu, kt\u00f3ry generuje realne oszcz\u0119dno\u015bci w Twojej firmie.<\/p><\/div><\/div>\t\t\t\t<\/div>\n\t\t\t\t<\/div>\n\t\t\t\t<div class=\"elementor-element elementor-element-52aa70b elementor-align-center elementor-widget elementor-widget-button\" data-id=\"52aa70b\" data-element_type=\"widget\" data-e-type=\"widget\" data-widget_type=\"button.default\">\n\t\t\t\t<div class=\"elementor-widget-container\">\n\t\t\t\t\t\t\t\t\t<div class=\"elementor-button-wrapper\">\n\t\t\t\t\t<a class=\"elementor-button elementor-button-link elementor-size-sm\" href=\"https:\/\/inter-kas.pl\/saio\/produkty\/posnet-evo\/\">\n\t\t\t\t\t\t<span class=\"elementor-button-content-wrapper\">\n\t\t\t\t\t\t\t\t\t<span class=\"elementor-button-text\">Wi\u0119cej informacji<\/span>\n\t\t\t\t\t<\/span>\n\t\t\t\t\t<\/a>\n\t\t\t\t<\/div>\n\t\t\t\t\t\t\t\t<\/div>\n\t\t\t\t<\/div>\n\t\t\t\t<\/div>\n\t\t<div class=\"elementor-element elementor-element-f1ba4ab e-con-full e-flex e-con e-child\" data-id=\"f1ba4ab\" data-element_type=\"container\" data-e-type=\"container\">\n\t\t\t\t<div class=\"elementor-element elementor-element-40a61ff elementor-position-top elementor-widget elementor-widget-image-box\" data-id=\"40a61ff\" data-element_type=\"widget\" data-e-type=\"widget\" data-widget_type=\"image-box.default\">\n\t\t\t\t<div class=\"elementor-widget-container\">\n\t\t\t\t\t<div class=\"elementor-image-box-wrapper\"><figure class=\"elementor-image-box-img\"><a href=\"https:\/\/inter-kas.pl\/saio\/produkty\/posnet-pospay2\/\" tabindex=\"-1\"><img decoding=\"async\" width=\"2560\" height=\"2240\" src=\"https:\/\/inter-kas.pl\/saio\/wp-content\/uploads\/2026\/02\/pospay2.png\" class=\"attachment-full size-full wp-image-428\" alt=\"Pospay2\" title=\"\" srcset=\"https:\/\/inter-kas.pl\/saio\/wp-content\/uploads\/2026\/02\/pospay2.png 2560w, https:\/\/inter-kas.pl\/saio\/wp-content\/uploads\/2026\/02\/pospay2-300x263.png 300w, https:\/\/inter-kas.pl\/saio\/wp-content\/uploads\/2026\/02\/pospay2-1024x896.png 1024w, https:\/\/inter-kas.pl\/saio\/wp-content\/uploads\/2026\/02\/pospay2-768x672.png 768w, https:\/\/inter-kas.pl\/saio\/wp-content\/uploads\/2026\/02\/pospay2-1536x1344.png 1536w, https:\/\/inter-kas.pl\/saio\/wp-content\/uploads\/2026\/02\/pospay2-2048x1792.png 2048w\" sizes=\"(max-width: 2560px) 100vw, 2560px\" \/><\/a><\/figure><div class=\"elementor-image-box-content\"><h3 class=\"elementor-image-box-title\"><a href=\"https:\/\/inter-kas.pl\/saio\/produkty\/posnet-pospay2\/\">Posnet POSPAY2<\/a><\/h3><p class=\"elementor-image-box-description\">Mobilny terminal p\u0142atniczy, kt\u00f3ry w jednym urz\u0105dzeniu \u0142\u0105czy zadania kasy, drukarki fiskalnej oraz terminala. Zapewnia pe\u0142n\u0105 wielozadaniowo\u015b\u0107 i wygod\u0119 przyjmowania p\u0142atno\u015bci wszystkimi rodzajami kart p\u0142atniczych.<\/p><\/div><\/div>\t\t\t\t<\/div>\n\t\t\t\t<\/div>\n\t\t\t\t<div class=\"elementor-element elementor-element-08d5722 elementor-align-center elementor-widget elementor-widget-button\" data-id=\"08d5722\" data-element_type=\"widget\" data-e-type=\"widget\" data-widget_type=\"button.default\">\n\t\t\t\t<div class=\"elementor-widget-container\">\n\t\t\t\t\t\t\t\t\t<div class=\"elementor-button-wrapper\">\n\t\t\t\t\t<a class=\"elementor-button elementor-button-link elementor-size-sm\" href=\"https:\/\/inter-kas.pl\/saio\/produkty\/posnet-pospay2\/\">\n\t\t\t\t\t\t<span class=\"elementor-button-content-wrapper\">\n\t\t\t\t\t\t\t\t\t<span class=\"elementor-button-text\">Wi\u0119cej informacji<\/span>\n\t\t\t\t\t<\/span>\n\t\t\t\t\t<\/a>\n\t\t\t\t<\/div>\n\t\t\t\t\t\t\t\t<\/div>\n\t\t\t\t<\/div>\n\t\t\t\t<\/div>\n\t\t<div class=\"elementor-element elementor-element-5434edf e-con-full e-flex e-con e-child\" data-id=\"5434edf\" data-element_type=\"container\" data-e-type=\"container\">\n\t\t\t\t<div class=\"elementor-element elementor-element-5ca2989 elementor-position-top elementor-widget elementor-widget-image-box\" data-id=\"5ca2989\" data-element_type=\"widget\" data-e-type=\"widget\" data-widget_type=\"image-box.default\">\n\t\t\t\t<div class=\"elementor-widget-container\">\n\t\t\t\t\t<div class=\"elementor-image-box-wrapper\"><figure class=\"elementor-image-box-img\"><a href=\"https:\/\/inter-kas.pl\/saio\/produkty\/posnet-vero\/\" tabindex=\"-1\"><img loading=\"lazy\" decoding=\"async\" width=\"2560\" height=\"2240\" src=\"https:\/\/inter-kas.pl\/saio\/wp-content\/uploads\/2026\/02\/vero.png\" class=\"attachment-full size-full wp-image-429\" alt=\"Vero\" title=\"\" srcset=\"https:\/\/inter-kas.pl\/saio\/wp-content\/uploads\/2026\/02\/vero.png 2560w, https:\/\/inter-kas.pl\/saio\/wp-content\/uploads\/2026\/02\/vero-300x263.png 300w, https:\/\/inter-kas.pl\/saio\/wp-content\/uploads\/2026\/02\/vero-1024x896.png 1024w, https:\/\/inter-kas.pl\/saio\/wp-content\/uploads\/2026\/02\/vero-768x672.png 768w, https:\/\/inter-kas.pl\/saio\/wp-content\/uploads\/2026\/02\/vero-1536x1344.png 1536w, https:\/\/inter-kas.pl\/saio\/wp-content\/uploads\/2026\/02\/vero-2048x1792.png 2048w\" sizes=\"(max-width: 2560px) 100vw, 2560px\" \/><\/a><\/figure><div class=\"elementor-image-box-content\"><h3 class=\"elementor-image-box-title\"><a href=\"https:\/\/inter-kas.pl\/saio\/produkty\/posnet-vero\/\">Posnet VERO<\/a><\/h3><p class=\"elementor-image-box-description\">Kompletne i kompaktowe stanowisko POS z wbudowan\u0105 drukark\u0105 fiskaln\u0105 oraz gotow\u0105 do pracy aplikacj\u0105 sprzeda\u017cow\u0105. System jest wyj\u0105tkowo intuicyjny w obs\u0142udze i pozwala na rozpocz\u0119cie sprzeda\u017cy natychmiast po uruchomieniu<\/p><\/div><\/div>\t\t\t\t<\/div>\n\t\t\t\t<\/div>\n\t\t\t\t<div class=\"elementor-element elementor-element-4e0b0b5 elementor-align-center elementor-widget elementor-widget-button\" data-id=\"4e0b0b5\" data-element_type=\"widget\" data-e-type=\"widget\" data-widget_type=\"button.default\">\n\t\t\t\t<div class=\"elementor-widget-container\">\n\t\t\t\t\t\t\t\t\t<div class=\"elementor-button-wrapper\">\n\t\t\t\t\t<a class=\"elementor-button elementor-button-link elementor-size-sm\" href=\"https:\/\/inter-kas.pl\/saio\/produkty\/posnet-vero\/\">\n\t\t\t\t\t\t<span class=\"elementor-button-content-wrapper\">\n\t\t\t\t\t\t\t\t\t<span class=\"elementor-button-text\">Wi\u0119cej informacji<\/span>\n\t\t\t\t\t<\/span>\n\t\t\t\t\t<\/a>\n\t\t\t\t<\/div>\n\t\t\t\t\t\t\t\t<\/div>\n\t\t\t\t<\/div>\n\t\t\t\t<\/div>\n\t\t\t\t\t<\/div>\n\t\t\t\t<\/div>\n\t\t\t\t<\/div>\n\t\t","protected":false},"excerpt":{"rendered":"<p>Kompletne systemy sprzeda\u017cowe All-in-One Produkty SAIO Poznaj lini\u0119 nowoczesnych urz\u0105dze\u0144 All-in-One, kt\u00f3re integruj\u0105 drukark\u0119 fiskaln\u0105, terminal p\u0142atniczy i system POS [&hellip;]<\/p>\n","protected":false},"author":1,"featured_media":0,"parent":0,"menu_order":0,"comment_status":"closed","ping_status":"closed","template":"","meta":{"site-sidebar-layout":"no-sidebar","site-content-layout":"","ast-site-content-layout":"full-width-container","site-content-style":"default","site-sidebar-style":"default","ast-global-header-display":"","ast-banner-title-visibility":"","ast-main-header-display":"","ast-hfb-above-header-display":"","ast-hfb-below-header-display":"","ast-hfb-mobile-header-display":"","site-post-title":"disabled","ast-breadcrumbs-content":"","ast-featured-img":"disabled","footer-sml-layout":"","ast-disable-related-posts":"","theme-transparent-header-meta":"","adv-header-id-meta":"","stick-header-meta":"","header-above-stick-meta":"","header-main-stick-meta":"","header-below-stick-meta":"","astra-migrate-meta-layouts":"default","ast-page-background-enabled":"default","ast-page-background-meta":{"desktop":{"background-color":"var(--ast-global-color-5)","background-image":"","background-repeat":"repeat","background-position":"center center","background-size":"auto","background-attachment":"scroll","background-type":"","background-media":"","overlay-type":"","overlay-color":"","overlay-opacity":"","overlay-gradient":""},"tablet":{"background-color":"","background-image":"","background-repeat":"repeat","background-position":"center center","background-size":"auto","background-attachment":"scroll","background-type":"","background-media":"","overlay-type":"","overlay-color":"","overlay-opacity":"","overlay-gradient":""},"mobile":{"background-color":"","background-image":"","background-repeat":"repeat","background-position":"center center","background-size":"auto","background-attachment":"scroll","background-type":"","background-media":"","overlay-type":"","overlay-color":"","overlay-opacity":"","overlay-gradient":""}},"ast-content-background-meta":{"desktop":{"background-color":"var(--ast-global-color-4)","background-image":"","background-repeat":"repeat","background-position":"center center","background-size":"auto","background-attachment":"scroll","background-type":"","background-media":"","overlay-type":"","overlay-color":"","overlay-opacity":"","overlay-gradient":""},"tablet":{"background-color":"var(--ast-global-color-4)","background-image":"","background-repeat":"repeat","background-position":"center center","background-size":"auto","background-attachment":"scroll","background-type":"","background-media":"","overlay-type":"","overlay-color":"","overlay-opacity":"","overlay-gradient":""},"mobile":{"background-color":"var(--ast-global-color-4)","background-image":"","background-repeat":"repeat","background-position":"center center","background-size":"auto","background-attachment":"scroll","background-type":"","background-media":"","overlay-type":"","overlay-color":"","overlay-opacity":"","overlay-gradient":""}},"footnotes":""},"class_list":["post-389","page","type-page","status-publish","hentry"],"_links":{"self":[{"href":"https:\/\/inter-kas.pl\/saio\/wp-json\/wp\/v2\/pages\/389","targetHints":{"allow":["GET"]}}],"collection":[{"href":"https:\/\/inter-kas.pl\/saio\/wp-json\/wp\/v2\/pages"}],"about":[{"href":"https:\/\/inter-kas.pl\/saio\/wp-json\/wp\/v2\/types\/page"}],"author":[{"embeddable":true,"href":"https:\/\/inter-kas.pl\/saio\/wp-json\/wp\/v2\/users\/1"}],"replies":[{"embeddable":true,"href":"https:\/\/inter-kas.pl\/saio\/wp-json\/wp\/v2\/comments?post=389"}],"version-history":[{"count":13,"href":"https:\/\/inter-kas.pl\/saio\/wp-json\/wp\/v2\/pages\/389\/revisions"}],"predecessor-version":[{"id":478,"href":"https:\/\/inter-kas.pl\/saio\/wp-json\/wp\/v2\/pages\/389\/revisions\/478"}],"wp:attachment":[{"href":"https:\/\/inter-kas.pl\/saio\/wp-json\/wp\/v2\/media?parent=389"}],"curies":[{"name":"wp","href":"https:\/\/api.w.org\/{rel}","templated":true}]}}